4 + 6 = 0. What is m(a)?
7
Let b(v) = -v**2 - 3*v - 3. Let i = 7 - 10. Give b(i).
-3
Let v be 2/5 + (-24)/10. Let n be 2 + v - (-1 + 0). Let w(l) = -1 + 6 - n + 4 + l. Give w(0).
8
Let v(b) be the second derivative of b**4/12 + 5*b**3/6 - b**2 + 11*b. Calculate v(-4).
-6
Let a(n) = -4*n**3 - 8*n**2 + 4*n - 5. Let c(u) = 5*u**3 + 9*u**2 - 3*u + 6. Let o(v) = 4*a(v) + 3*c(v). What is o(-6)?
-8
Let z(m) = -1 - 2 - 7 + 14 - m. What is z(3)?
1
Let p(h) be the third derivative of -h**4/24 + 2*h**3/3 + 8*h**2. Give p(4).
0
Suppose 2*x = -x + 9. Let w(j) = 3*j**2 - 2 + 6*j**x - 7*j**3 + j + 1 - 2*j**2. Give w(-2).
9
Let x(i) be the second derivative of i**5/20 + i**4/4 - 5*i**3/6 + i**2 + i. Let j = 2 - 2. Let o(l) = -l**3 - l**2 + l - 4. Let u be o(j). Give x(u).
6
Let r(t) = t**3 + t**2 - 2*t - 1. Let s be (3/(-2))/((-8)/(-16)). Determine r(s).
-13
Let h(a) be the third derivative of -a**5/15 + a**4/8 - a**3/6 + 30*a**2. Suppose s + 0*s = -3. Let z = s - -5. Calculate h(z).
-11
Let s(w) = 2*w**3 + 3*w**2 + 3*w. Let r = 26 + -28. Give s(r).
-10
Suppose -3*g + 6 + 9 = 0. Suppose -2*d = d - 5*x - 23, -d = -3*x - 9. Let a(y) = -12*y**2 + 3*y + d*y**2 + y**3 + 1 + 2*y. Calculate a(g).
1
Let z(k) = 3 - 3 + k + 1 - 8*k. What is z(1)?
-6
Suppose -15 = 2*k - 3*k. Suppose 0*h = -5*h - k. Let f(d) = 3*d**3 - 4*d**2 + 7 - 1 - 4*d**3 - 3*d - 3. What is f(h)?
3
Let x(t) = 2*t**3 - 3*t**2 - 2*t - 3. Let w be x(3). Let i be (-94)/w + 6/27. Let g(u) = 1. Let d(a) = -a - 1. Let h(n) = 2*d(n) - g(n). What is h(i)?
7
Let b(s) = -s**3 + s - 1. Let q(d) = 2*d**3 - 4*d**2 - 6*d + 4. Let g(v) = -4*b(v) - q(v). Determine g(-2).
-4
Let g(s) = s + 7. Let a(k) = k**3 + 3*k**2 - 6*k - 3. Let o be a(-4). Let p = 0 - o. Determine g(p).
2
Let j(u) be the first derivative of -u**2/2 - 3*u + 249. Let w = 7 - 1. Suppose 2*o + 0*o = 4, -w = -2*h + o. What is j(h)?
-7
Suppose 10 = -3*a + 25. Suppose x - 20 = a*x. Let r(t) be the first derivative of t**4/4 + 4*t**3/3 - 5*t**2/2 - 6*t - 1. Determine r(x).
-6
Let f(h) = -h**2 - 4*h + 2. Let j be 2*(-5)/(-10)*5/(-1). What is f(j)?
-3
Let d(z) = z**3 + 4*z**2 - z - 1. Let o be 1*14*10/(-4). Let p = o - -51. Suppose 0*g + 4*g + p = 0. Determine d(g).
3
Let x = -11 + 7. Suppose 0 = -m + 1 + 2. Let u(t) = -2 - t - 2 + m + 2. What is u(x)?
5
Let h(v) = -3*v - 1. Let g(d) = -d + 6. Let k be g(4). What is h(k)?
-7
Let s(w) = 6*w. Let y(n) = -n**3 - 4*n**2 - n + 8. Let c be y(-3). Determine s(c).
12
Let z(y) = y + 2. Suppose -w - 100 = -6*w. Suppose 8*p - 3*p - w = 0. What is z(p)?
6
Let z(i) = i - 1. Let t(w) = -37 - w + 37. Let o(j) = 5*t(j) + 2*z(j). What is o(-4)?
10
Let f(c) = 9*c - 5. Let z(t) = -8*t + 5. Let g(b) = 5*f(b) + 6*z(b). What is g(7)?
-16
Suppose 0 = -g - 0 + 3. Let m(a) = -3*a**3 + a**2 + a - 7. Let u(o) = -2*o**3 + o**2 + o - 6. Let x(y) = g*m(y) - 4*u(y). Give x(0).
3
Let z(j) = j**2 - 14*j + 5. Let d be z(14). Let w(k) = -k**3 + 6*k**2 - 4*k. What is w(d)?
5
Let q be (-1 - 0)/((-1)/5). Let f(k) = 2*k**2 + k**3 - 7 + 0*k**2 + 13*k - 6*k**2 - 16*k. What is f(q)?
3
Let t(z) = 10*z - 1. Suppose -16 = -0*o - 4*o. Suppose o*c - 5 = -1. Calculate t(c).
9
Let h = 26 - 22. Let w(s) = s - 1 + s + h. Calculate w(-3).
-3
Let j(a) be the second derivative of a**3/6 + a**2/2 + 11*a. Determine j(3).
4
Let d be 4 + (-5)/(20/12). Suppose -2*x - d = -x. Let a(s) = s + 1. Let y(j) = -12*j - 20. Let w(h) = 20*a(h) + y(h). Give w(x).
-8
Let t be 2/(-4) + (-18)/4. Let m(v) = -3*v**3 - 22*v**2 + 7*v + 21. Let c(k) = k**3 + 7*k**2 - 2*k - 7. Let b(x) = -7*c(x) - 2*m(x). Give b(t).
7
Let w = 5 + 5. Suppose 0 = -2*b - w, -2*b + 6 = 3*q + 16. Suppose -v - v - 6 = q. Let p(d) = -d**2 - 5*d - 1. Give p(v).
5
Let y(c) be the second derivative of c**4/12 - c**3/3 + c**2/2 - 20*c. Calculate y(1).
0
Let w = -130 + 129. Let b(c) = 8*c**3 + 2*c**2 + 6*c - 3. Let h(y) = 8*y**3 + 2*y**2 + 5*y - 2. Let a(v) = -3*b(v) + 4*h(v). What is a(w)?
-7
Let l(i) = -i - 2. Suppose -t = 5*w - 2*t + 35, -2*w - 2*t - 14 = 0. Determine l(w).
5
Let t(y) = y**3 + 2*y**2 - 4*y - 4. Let q(j) = -6*j - 1. Let h be q(-1). Suppose 0 = 3*r - 5*z + 19, z - 1 = -2*r - h. Determine t(r).
-1
Let v(y) = -y**2 + 6*y - 7. Suppose x = -3 + 7, 3*x = 4*n - 88. Suppose o = 5*q - n, -1 = 3*q - 3*o - 4. Calculate v(q).
-7
Let i = -165 - -168. Let p(q) be the third derivative of -7/12*q**4 + 0*q + 0 - q**2 - 1/6*q**i. Calculate p(-1).
13
Let f = -28 - -24. Let i(m) = m**3 + 4*m**2 + 3*m + 4. Give i(f).
-8
Suppose 2 = y + 7. Let c(d) be the third derivative of 0*d + 0 + 1/60*d**5 + 1/4*d**4 + 1/2*d**3 - d**2. Calculate c(y).
-2
Suppose 4*c - 3*j = 2*j + 12, -3*j + 15 = 5*c. Let o = c - 1. Suppose b = -o*b - 9. Let v(k) = -k + 2. Give v(b).
5
Let x(y) = y + 2. Let m be x(-5). Let j(g) be the third derivative of g**4/12 - g**3/3 + 22*g**2. Give j(m).
-8
Let m(c) = 4*c**2 - 2*c - 1. Suppose 0 = 15*p - 14*p + 1. Let x be ((-2)/p)/(4 - 6). Give m(x).
5
Let b(m) = -4*m - 1. Suppose 0*p + 4*j = -p - 6, 4*p = j + 27. Let g be (p/15)/(3/(-15)). Determine b(g).
7
Let d(z) be the first derivative of z**3/3 + 2*z**2 - 3*z - 95. Let u be (-2)/(16/(-10) - -2). Calculate d(u).
2
Let d(o) = -2*o - 1. Let f(b) = -3*b - 2. Let p(k) = -4*d(k) + 3*f(k). Let n = 0 - 2. Let t = 2 + n. Calculate p(t).
-2
Let c(j) be the second derivative of -3*j**5/10 + j**4/12 - j**2/2 - 6*j. Give c(-1).
6
Let i(q) = -q**3 + 3 + 7*q**3 - 4*q**3 - q**3 - 2*q - 3*q**2. Calculate i(3).
-3
Let i(t) = -t**2 - 10*t - 7. Let p be i(-9). Let f = p + 1. Let l(c) be the first derivative of c**2/2 - 2*c - 3. Give l(f).
1
Let h(x) = -x**2 - 8*x - 3. Let o(g) = -1. Let t(l) = h(l) - 2*o(l). Determine t(-8).
-1
Let x(i) = i + 5. Let k be x(0). Let d(c) = -5*c - 10. Let n(h) = 3*h + 5. Let p(q) = -4*d(q) - 7*n(q). Determine p(k).
0
Let b(s) be the first derivative of s**3/6 - s**2/2 - s - 1. Let h(l) be the first derivative of b(l). Suppose 0 = 5*r + i - 20, 2*r + 2*i = -0*i. Give h(r).
4
Suppose -4*o + 5*u = 9 + 3, -5*o + 2*u + 2 = 0. Let r(p) be the first derivative of 1 - 1/2*p**2 - o*p. Determine r(-4).
2
Let r = 21 - 15. Let v(z) = -z**3 + 7*z**2 - 7*z - 4. Give v(r).
-10
Let g(t) = -1. Let w(i) = 0 + 1 - 3*i + 1. Let h be ((-2)/(-3))/((-10)/15). Let v(f) = h*w(f) - 3*g(f). Determine v(1).
4
Let n = 2 + -7. Let f(i) = -i**3 - 5*i**2 - i - 2. Let x be f(n). Let h(k) = 3*k - 2. Calculate h(x).
7
Let v be 2/(-17) - 2/(-17). Suppose o = 3*a + 5, -2*o + a + a = -6. Let q(j) = j + j**o + 2*j - 4*j + 4. What is q(v)?
4
Let c(f) = -3*f. Let q(x) = 13*x. Let p(s) = 9*c(s) + 2*q(s). Calculate p(2).
-2
Suppose 0 = -0*o + 2*o + 5*t - 7, -3*o = -4*t + 1. Let p(k) = 1 + o - 1. Let g(n) = -n + 1. Let l(s) = -g(s) + p(s). Calculate l(5).
5
Let q(b) = -b**3 - 5*b**2 - 4*b - 3. Let n(f) be the first derivative of -f**4/4 - 3*f**3 - 7*f**2/2 - 5*f - 6. Let x(u) = 3*n(u) - 5*q(u). Give x(-1).
-3
Let t = -39 + 38. Let n(k) = -k**2 - 2*k - 1. Determine n(t).
0
Let c(p) be the second derivative of -p**4/12 - p**3/6 + p**2/2 - 6*p. Determine c(2).
-5
Let l(y) = -y**3 + 2*y**2. Let p be -2 + 3 + -1 + -1. Let s = 4 + p. Determine l(s).
-9
Let k(l) = l - 8*l - 3*l + 2 + 6*l. What is k(2)?
-6
Let m(d) = 2*d - 21. Let k(t) = 3*t - 31. Let s(r) = 5*k(r) - 7*m(r). Let p = 1 + 4. Give s(p).
-3
Let r be -3 + 2 + (3 - -1). Let d(f) = r*f**2 + f - 12*f**2 + 8*f**2. Give d(0).
0
Let b(u) = 0*u**2 + u**2 + 0*u**2 - 8*u + 5 + u. Calculate b(6).
-1
Suppose -5*j = 2*z + z - 35, -3*j + 12 = 0. Suppose 0*n + 15 = -4*g - n, z*g + 5*n + 30 = 0. Let b(c) = -3*c - 3 + 2 + 2 - 4. Give b(g).
6
Let k(s) be the third derivative of s**5/60 - s**4/12 - 7*s**3/6 + s**2. What is k(5)?
8
Let q(h) = -12*h**2. Let w(r) = -r**2 - 12*r + 14. Let m be w(-13). Give q(m).
-12
Let u(b) be the third derivative of -b**4/24 - 5*b**3/2 + 8*b**2. Calculate u(-7).
-8
Let t = 1 + 2. Let l(p) = 2 + 4*p**2 - 2*p**2 + p**t - p - 5*p**2. Let z be l(3). Let r(g) = g**3 - 1. Give r(z).
-2
Let j(o) = 1 + 3 + o**2 + 6 - 6*o - 7. Calculate j(4).
-5
Suppose 4*q + 13 = -4*l + 5, 5*l + 26 = 3*q. Let i(a) = -a**3 + 2*a**2 - a - 1. Determine i(q).
-3
Let w(v) = 12*v**2 - 7*v**2 - 6*v**2 - 2*v. Determine w(-3).
-3
Let c be (7/(-7))/(-1 + 0). Let g be 2 + c + 1 + 1. Let r(p) = -p**3 + 5*p**2 + 3. Determine r(g).
3
Let u(j) = -5*